08626?
2, 641, 6793
What are the prime factors of 73759211?
73759211
What are the prime factors of 39201006?
2, 3, 13, 149, 3373
List the prime factors of 443500277.
11, 29, 1390283
List the prime factors of 242789592.
2, 3, 47, 215239
What are the prime factors of 46970756?
2, 7, 1677527
List the prime factors of 73134985.
5, 7, 11, 189961
What are the prime factors of 1170817877?
263, 4451779
What are the prime factors of 208459632?
2, 3, 757, 5737
What are the prime factors of 6351652?
2, 31, 181, 283
What are the prime factors of 81814532?
2, 19, 1076507
What are the prime factors of 335270889?
3, 17, 313, 7001
List the prime factors of 698988126.
2, 3, 116498021
List the prime factors of 37904346.
2, 3, 163, 12919
What are the prime factors of 147791169?
3, 23, 331, 719
What are the prime factors of 390032172?
2, 3, 601, 2003
What are the prime factors of 6302568202?
2, 7, 17, 29, 913151
List the prime factors of 97866183.
3, 32622061
List the prime factors of 2112741888.
2, 3, 71, 19373
List the prime factors of 717216673.
653, 1098341
List the prime factors of 173035309.
9859, 17551
What are the prime factors of 2092061074?
2, 2069, 505573
What are the prime factors of 848065418?
2, 19, 22317511
What are the prime factors of 4344810982?
2, 193, 383, 29389
What are the prime factors of 176185397?
176185397
What are the prime factors of 405864160?
2, 5, 13, 195127
What are the prime factors of 107036879?
17, 103, 61129
List the prime factors of 78262213.
29, 2698697
What are the prime factors of 40387499?
1873, 21563
List the prime factors of 411605018.
2, 11, 19, 984701
What are the prime factors of 29982299?
67, 661, 677
List the prime factors of 198285553.
23, 37, 41, 5683
What are the prime factors of 101496506?
2, 50748253
List the prime factors of 29957477.
11, 23, 118409
What are the prime factors of 4955930833?
7, 707990119
What are the prime factors of 415975900?
2, 5, 73, 56983
What are the prime factors of 58485812?
2, 7, 11, 27127
List the prime factors of 1160770548.
2, 3, 7, 2003, 6899
List the prime factors of 22119109.
22119109
List the prime factors of 404103287.
7, 1669, 34589
What are the prime factors of 48200411?
7, 1297, 5309
List the prime factors of 280533667.
37, 137, 55343
List the prime factors of 664586142.
2, 3, 11, 19, 529973
What are the prime factors of 24607180?
2, 5, 13, 31, 43, 71
List the prime factors of 126836841.
3, 31, 1363837
What are the prime factors of 279863823?
3, 43, 73, 113, 263
List the prime factors of 360330981.
3, 401, 299527
List the prime factors of 734881660.
2, 5, 31, 47, 25219
What are the prime factors of 5311928015?
5, 47, 223, 101363
What are the prime factors of 7814892446?
2, 107, 2111, 17299
List the prime factors of 25369598.
2, 19, 23, 29027
What are the prime factors of 728897569?
728897569
List the prime factors of 3587906498.
2, 11, 43, 919, 4127
List the prime factors of 24875725.
5, 7, 41, 3467
List the prime factors of 393661463.
13, 37, 163, 5021
What are the prime factors of 446807608?
2, 13, 97, 3407
What are the prime factors of 80761589?
1249, 64661
List the prime factors of 2169615449.
2169615449
List the prime factors of 45238801.
139, 325459
What are the prime factors of 30116574?
2, 3, 139, 12037
List the prime factors of 2009369459.
461, 4358719
What are the prime factors of 42730765?
5, 7, 11, 110989
What are the prime factors of 298367887?
19, 15703573
List the prime factors of 354336226.
2, 177168113
What are the prime factors of 7488963973?
29, 31, 47, 421
List the prime factors of 45470767.
17, 53, 109, 463
List the prime factors of 794901488.
2, 37, 1342739
List the prime factors of 1933884658.
2, 12757, 75797
What are the prime factors of 41066406?
2, 3, 760489
List the prime factors of 31389549.
3, 23, 454921
What are the prime factors of 4177120?
2, 5, 26107
List the prime factors of 51494628.
2, 3, 4291219
List the prime factors of 63825253.
23, 2775011
List the prime factors of 2567019.
3, 7, 13, 9403
List the prime factors of 25816173.
3, 79, 108929
List the prime factors of 20923998.
2, 3, 3487333
List the prime factors of 179633356.
2, 7, 17, 239, 1579
List the prime factors of 1349703109.
1349703109
What are the prime factors of 2938843?
2938843
What are the prime factors of 33170447?
19, 1745813
What are the prime factors of 332223638?
2, 23, 193, 1627
What are the prime factors of 359828929?
401, 897329
What are the prime factors of 2150206569?
3, 7, 34130263
What are the prime factors of 469826392?
2, 7, 61, 137537
List the prime factors of 86715406.
2, 43357703
List the prime factors of 231417794.
2, 115708897
List the prime factors of 2580357578.
2, 37, 227, 153611
List the prime factors of 107371302.
2, 3, 17895217
What are the prime factors of 186563848?
2, 17, 521, 2633
List the prime factors of 354058804.
2, 11, 8046791
List the prime factors of 864358043.
131, 6598153
What are the prime factors of 1672357723?
1672357723
List the prime factors of 1134317241.
3, 3137, 40177
List the prime factors of 49110485.
5, 29, 151, 2243
List the prime factors of 371833190.
2, 5, 37183319
List the prime factors of 711918274.
2, 29, 423257
What are the prime factors of 536660748?
2, 3, 13, 23, 16619
List the prime factors of 6472856.
2, 13, 109, 571
List the prime factors of 27990438.
2, 3, 7, 666439
What are the prime factors of 365479350?
2, 3, 5, 2436529
List the prime factors of 164072735.
5, 43, 487, 1567
What are the prime factors of 8856154316?
2, 421, 5258999
What are the prime factors of 434819969?
6143, 70783
List the prime factors of 983307663.
3, 13, 8404339
List the prime factors of 6215374797.
3, 617, 3357847
List the prime factors of 16295329.
419, 38891
List the prime factors of 47666426.
2, 241, 98893
What are the prime factors of 191276596?
2, 7, 975901
List the prime factors of 968546149.
89, 457, 23813
What are the prime factors of 2944205782?
2, 7, 283, 743111
List the prime factors of 38896920.
2, 3, 5, 103, 1049
What are the prime factors of 2485762?
2, 151, 8231
List the prime factors of 395953934.
2, 197976967
List the prime factors of 87857121.
3, 11, 19, 140123
List the prime factors of 798031270.
2, 5, 1013, 78779
What are the prime factors of 1335744907?
7, 197, 257, 3769
What are the prime factors of 20031710?
2, 5, 127, 15773
List the prime factors of 7487080.
2, 5, 187177
List the prime factors of 88240598.
2, 19, 2322121
List the prime factors of 57539519.
57539519
What are the prime factors of 2255740904?
2, 281967613
List the prime factors of 163269467.
31, 5266757
List the prime factors of 1561920090.
2, 3, 5, 5407, 9629
What are the prime factors of 129977882?
2, 7681, 8461
List the prime factors of 781772913.
3, 349, 248893
List the prime factors of 75477043.
75477043
What are the prime factors of 318645262?
2, 13, 12255587
List the prime factors of 254932499.
31, 877, 9377
List the prime factors of 999463469.
1493, 669433
List the prime factors of 485217320.
2, 5, 7, 89, 19471
What are the prime factors of 87651923?
593, 147811
What are the prime factors of 17252088?
2, 3, 7, 103, 997
List the prime factors of 810693051.
3, 7, 37, 163, 173
What are the prime factors of 691969925?
5, 27678797
What are the prime factors of 175176867?
3, 58392289
List the prime factors of 140091988.
2, 23, 281, 5419
List the prime factors of 82836599.
19, 37, 117833
What are the prime factors of 63564713?
63564713
What are the prime factors of 5713078437?
3, 11, 57707863
What are the prime factors of 111207825?
3, 5, 494257
List the prime factors of 3108627225.
3, 5, 11, 17, 73883
List the prime factors of 197039141.
13, 15156857
List the prime factors of 808427142.
2, 3, 29, 172079
What are the prime factors of 1381512513?
3, 179, 2572649
What are the prime factors of 3572645601?
3, 7, 19, 8953999
What are the prime factors of 2353099036?
2, 563, 1044893
What are the prime factors of 1519283307?
3, 37, 13687237
List the prime factors of 894035281.
894035281
What are the prime factors of 7591831625?
5, 7, 41, 211619
What are the prime factors of 1976159870?
2, 5, 197615987
What are the prime factors of 3023965568?
2, 13, 163, 11149
List the prime factors of 1902617977.
13, 8941, 16369
List the prime factors of 412842635.
5, 7